 - 752*i. Determine g(14).
1
Let w be -1*1/(3/(-3)). Let j = -62 - -64. Let u(o) = 3*o - 2*o**j - 1 + 3*o - 15*o + 10*o. Determine u(w).
-2
Let y be (-4 + 4)/(1/(-1)). Let j(i) = -17*i**2 + 6*i - 1. Let v(w) = 14*w**2 - 5*w + 2. Let z(a) = -5*j(a) - 6*v(a). Determine z(y).
-7
Let n = -108 - -114. Suppose -w - n = -11. Let l(p) = -2*p - 7. Let f(y) = 2*y + 7. Let u(z) = 3*f(z) + 4*l(z). Calculate u(w).
-17
Let m(q) = 2*q - 4. Let d = 94 - 85. Suppose 66 = -d*h - 2*h. Give m(h).
-16
Let c(w) = w**2 + w - 4. Suppose 7*v - 9*v = -z - 7, -2*z - 8 = 2*v. Let t(g) = -g**2 + 3*g + 3. Let s be t(4). Let j be (1 - v)/(s + -1 + 3). Determine c(j).
-4
Let b(a) be the second derivative of -2*a + 0*a**2 + 1/6*a**3 - 120. Give b(5).
5
Suppose 0 = 4*a - 2*f - 8 - 14, 5*a = 2*f + 25. Let d(q) = -3*q**2 + 9*q + 17. Let o(c) = 4*c**2 - 8*c - 18. Let x(m) = a*d(m) + 2*o(m). Give x(13).
-11
Let u(o) = 3*o + 1. Let z be (36/(-198))/(1/(-11)). Suppose -z*i - 4 + 12 = 0. Give u(i).
13
Let l(k) = -5*k**3 - 3*k + 2. Let u be l(1). Let a(c) = -c**2 - c + 5. Let j be a(u). Let r be ((-5)/(j/2))/((-2)/10). Let m(b) = -7*b - 1. What is m(r)?
13
Let n(i) be the second derivative of i**4/6 - 17*i**3/6 + 7*i**2 - 3784*i. Calculate n(12).
98
Let c(x) = 1 + 5 - 4*x - x - x**3 - 2*x**2 + 14*x. Let r be c(-4). Let k(j) = 4*j - 2*j - 5*j**r - 3*j. Determine k(1).
-6
Let p(i) = 7*i + 61. Let j = -146 + 139. Let x be p(j). Let y(f) = -f**2 + 14*f - 16. What is y(x)?
8
Suppose -n - 6 = -7. Suppose n = y - 12. Let i(r) = r**2 - y + 3 - 2*r + r + 5 - r**3. Give i(0).
-5
Let h be (-23 - -34) + -9 + (-1)/((-1)/(-8)). Let j(a) = -2*a**2 + 10*a + 6. Let i(v) = 3*v**2 - 11*v - 5. Let r(l) = 3*i(l) + 4*j(l). What is r(h)?
3
Let q(o) = -74*o**2 + 19*o + 78. Let r(f) = -63*f**2 + 20*f + 73. Let y(v) = 6*q(v) - 7*r(v). Give y(-6).
5
Let j(p) = p**2 - p - 9. Let s be j(4). Suppose 17*w - s = 16*w. Let a be 8/(4 - 2) + w. Let f(k) = k - 5. Determine f(a).
2
Let u(l) = -l**3 - 18*l**2 + 13*l - 15. Let s(k) = -k**3 - 17*k**2 + 13*k - 12. Let x(v) = -7*s(v) + 6*u(v). Calculate x(-12).
6
Let w(q) = -q. Let y be w(-2). Let l(k) = k**2 + 3 - y*k + 6*k**2 + k**3 + 9*k. Let i(p) = -22*p**3 - 523*p**2 + 122*p + 43. Let f be i(-24). What is l(f)?
18
Let r(a) be the first derivative of a**3/3 - 9*a**2 + 57*a + 12114. Determine r(13).
-8
Let n(g) = -175*g**2 + 176*g**2 + 14 + 89*g - 98*g. Give n(8).
6
Let a(i) be the third derivative of 19*i**4/24 + 3*i**3/2 + 12*i**2. Let z be a(-1). Let x(l) = 3*l + 7. Determine x(z).
-23
Let w = -9414 - -9416. Let o(z) be the second derivative of 0 - w*z**2 + 1/6*z**3 + 10*z - 1/6*z**4. Give o(3).
-19
Let o = 107 + -98. Let s(c) = -c**2 + 10*c - 12. Let y(u) = u**2 - 10*u + 12. Let x(v) = -4*s(v) - 3*y(v). What is x(o)?
3
Suppose -17*k + 2 = -18*k, -k = 2*v + 908. Let i = -447 - v. Let s(h) = -h**2 - 2*h + 7. What is s(i)?
-41
Let f(x) = 170*x - 47*x + 7 - 74*x - 48*x. Let m(u) = -2 + 1 + 0. Let b(q) = -f(q) - 4*m(q). Determine b(0).
-3
Suppose -44 = 6*l - 2*l. Let y(s) = -2*s - 17. Let p(d) = 3*d + 26. Let u(c) = 3*p(c) + 4*y(c). Give u(l).
-1
Let s(y) = -12*y**2 + 15*y - 9. Let r(b) = b**3 - 3*b**2 - 101*b + 314. Let g be r(10). Calculate s(g).
-141
Let g(p) = 231*p. Let l be g(1). Let o = l - 223. Let d(y) = y**2 - 10*y - 6. Determine d(o).
-22
Let v(r) = -498*r - 39. Let f be v(-1). Let u = -460 + f. Let k(a) = 6*a**3 + 2*a**2 - 1. Calculate k(u).
-5
Let w(t) = 143*t - 26. Let s(q) = 190*q - 35. Let r(a) = -3*s(a) + 4*w(a). Suppose -4*d - 5*u = 15, 23 = -5*d + 2*u - 4*u. What is r(d)?
-9
Let t(a) = 11*a**2 + 2*a + 1. Suppose -24 + 49 = 5*h. Suppose 20 = 9*r - 4*r, -5*r = h*c - 10. Determine t(c).
41
Suppose -6 = -b + 4*b, -3*m + b + 110 = 0. Let a = 39 - m. Let y(d) = -420*d**2 - d**3 - 23 - 24 + 422*d**2 + 46. Calculate y(a).
-10
Let i(o) be the third derivative of -o**5/30 - 25*o**3/6 + 1235*o**2. What is i(0)?
-25
Suppose 0 = r - 5*r - 172. Let j = 44 + r. Let f(n) = -3 - n + j + 1 + 2. Give f(6).
-5
Let t(g) = 15*g - g**2 + 15*g + 22 + 2 - 12*g. Let w be 2175/116 + 2/8. Determine t(w).
5
Let q be (-4)/3 + 2 - (-91)/39. Suppose -5*j + 3*a + 3 = -25, -q*a + 17 = 4*j. Suppose -l = j*m + 3*l - 27, -4*m = -4*l. Let g(u) = u - 3. Give g(m).
0
Let c(n) = -30*n + 2*n**2 + 3*n**2 + n**3 + 5*n**2 - 6*n**2 + 17*n. Give c(3).
24
Let u(a) = -2*a**3 + 2*a**2 - a + 3. Let x(h) = 3*h**3 - 5*h**2 + 6*h - 3. Let l(k) = 2*u(k) + x(k). Suppose 0 = -3*p - 12 - 9. Let f = p - -5. What is l(f)?
-1
Let v(z) be the first derivative of z**3/3 - 5*z**2 - 10*z + 30. Suppose -2*h = 4*b - 36, 2*h = -2*b + 16 + 12. Give v(h).
-10
Let h(g) be the third derivative of -g**6/120 - g**5/60 - g**3/2 + g**2. Let a = -188 - -188. Let j be ((a/7)/5)/3. Calculate h(j).
-3
Let m(b) = -b**2 - 15*b + 36. Let h be m(-17). Let x(d) = -10*d**h + 12500*d + 1 - 12500*d. Calculate x(-1).
-9
Let n(t) = -t**2 - 2*t + 1. Let x = -3565 - -3562. Give n(x).
-2
Let b be (-3)/(-6)*8*3814. Let h(a) = -b*a - a**2 + 1 + 15256*a. Let q(u) = -6*u - 1. Let j be q(-1). Give h(j).
-24
Suppose 0*r = -2*m + 2*r + 4, 16 = 2*m + 4*r. Suppose -2*t - 3*a + m = 0, -3*t + 4*a - 20 + 60 = 0. Let f(k) = -k**2 + 9*k - 15. What is f(t)?
-7
Suppose -6399 + 1719 = -9*p. Let j(t) = -t**2 + 3*t**2 + p*t - 518*t. Let w be 1/(-2)*(2 - 6). Calculate j(w).
12
Let x(l) = 205 - 93*l + 106 - 38 + 175*l - 104*l. Determine x(12).
9
Let i(h) = 2 + 4 - h + 0*h. Let z(n) be the first derivative of -28*n**3/3 - 167*n**2/2 + 11*n - 491. Let m be z(-6). Calculate i(m).
1
Let a be (-14 + -3)*1/(-1). Let r(d) = a*d + 7 - 16*d - 3. Determine r(-4).
0
Suppose 4*x - 2*d = -210, 0 = -3*x + 37*d - 42*d - 112. Let a(g) = -g**3 - 48*g**2 + 50*g + 44. Determine a(x).
-5
Suppose -49*k + 195 + 154 = 251. Let u(v) = 3 - 2 + 2*v + 2*v**3 + 0*v - 3*v**2. Calculate u(k).
9
Let d(u) be the second derivative of 1/3*u**3 + 1/3*u**4 + 0 - u - 5*u**2. Let l(v) = 11*v**2 + 7*v - 28. Let n(q) = -8*d(q) + 3*l(q). Determine n(-5).
-4
Let c be (4/14)/((-5)/(-105)). Let i(x) be the first derivative of x**4/4 - 2*x**3 - x**2 - 3*x - 158. Give i(c).
-15
Let y(v) = 3*v + 49*v**2 + 5*v**2 + 18 - 55*v**2. What is y(-3)?
0
Let i(g) = -7*g + 19. Let u(c) = -15*c + 38. Let s(h) = -5*i(h) + 2*u(h). Let k be s(2). Let o(p) = p**2 + 9*p - 4. Calculate o(k).
-4
Let m(q) = -q**2 + 3*q. Suppose -4*p - 5*p = -72. Let a be ((-3)/4)/(0 - 2/p). Suppose 0 = -a*o, 3*o - 3 = -i + 3. Determine m(i).
-18
Let k(u) = u + 5 - 9 + 31 - 9. Calculate k(-7).
11
Suppose -119 = 5*n - 314. Let b be (n/(-6) + 3)/(5/10). Let w(z) = -z**2 - 7*z + 7. Give w(b).
7
Let l(r) = -112*r - 129*r + 229*r - 6. Determine l(-4).
42
Let k(l) = l**2 - 18*l + 62. Let a(p) = 2*p**3 - 3*p**2 + 21*p - 42. Let b be a(2). Determine k(b).
6
Let b = 238 + -245. Let s be 66/9 + 2/(-6). Let f(o) = 0*o - s - 4*o + 2*o. Determine f(b).
7
Suppose 4*l + 31 = -3*q, 5*l = 2*l + 4*q + 8. Let d(n) = -7*n**2 + 128*n + 8. Let k(c) = -20*c**2 + 362*c + 23. Let g(z) = -17*d(z) + 6*k(z). Calculate g(l).
2
Suppose -4*w = 5*q - 57, q + 4*w - 3*w = 12. Suppose 6*k = q + 69. Let y = k - 11. Let s(v) = 4*v - 3. Give s(y).
5
Let v(k) be the second derivative of -5/2*k**2 - 1/12*k**4 + 238*k + 0 - 11/6*k**3. Give v(-12).
-17
Let o(a) = 29*a - 181. Let w(t) = 2*t - 4. Let p(h) = o(h) - 11*w(h). Determine p(21).
10
Let b be (3/((-30)/160) - -16)/(-5). Let q(i) = -i + 1. Suppose -9 = 2*s - 3. Let r(c) = -4*c - 2. Let d(x) = s*q(x) + r(x). Determine d(b).
-5
Suppose r - 4*i = 14, -4*r - 2*i + 127 = -91. Let z(d) = -d**3 + 48*d**2 + 99*d + 34. Determine z(r).
-16
Let m(c) be the third derivative of -c**6/720 - c**5/40 - c**4/24 - 11*c**3/6 + 38*c**2 + c. Let g(y) be the second derivative of m(y). Give g(-1).
-2
Suppose 4*l + 4 = -4. Let r(p) = 2 - p**2 + p**3 - 18*p - 15*p + p**2 + 51*p - 14*p + 5*p**2. Calculate r(l).
6
Let y(z) = -z**3 - 2*z**2 + 22*z - 14. Let x be 152/(-26) - ((-98)/(-91))/7. Calculate y(x).
-2
Suppose 2*f = 4*f + 4*i - 284, -3*f = 5*i - 428. Let a(h) = -285 + f + 141 + 2*h. Calculate a(-3).
-4
Let n(s) = 3*s**2 - 10*s + 6. Suppose 4*d + 3*g = 57 - 73, -30 = d + 4*g. Give n(d).
-2
Let b be 2*-6*(-3)/36. Let y(d) = -22*d**2 - 6*d - 3. Let g(t) = 22*t**2 + 5*t + 2. Let r(k) = -4*g(k) - 3*y(k). Determine r(b).
-23
Let v be 320/176 + (-2)/(-11). L